?
2, 290737
What are the prime factors of 913169?
23, 39703
What are the prime factors of 1529303?
17, 89959
List the prime factors of 31787655.
3, 5, 359, 5903
What are the prime factors of 4406650?
2, 5, 31, 2843
List the prime factors of 65349.
3, 53, 137
What are the prime factors of 67392?
2, 3, 13
List the prime factors of 317822.
2, 367, 433
List the prime factors of 1238953.
107, 11579
What are the prime factors of 3089631?
3, 17, 29, 2089
What are the prime factors of 852442?
2, 89, 4789
What are the prime factors of 117854?
2, 11, 487
List the prime factors of 5849721.
3, 649969
What are the prime factors of 467240?
2, 5, 11681
List the prime factors of 306755.
5, 19, 3229
List the prime factors of 2834534.
2, 19, 97, 769
List the prime factors of 15672598.
2, 7836299
List the prime factors of 16901141.
16901141
What are the prime factors of 6667120?
2, 5, 83339
What are the prime factors of 998507?
19, 52553
What are the prime factors of 3160845?
3, 5, 70241
What are the prime factors of 41920?
2, 5, 131
List the prime factors of 2215829.
7, 11, 4111
What are the prime factors of 2554649?
2554649
What are the prime factors of 262604?
2, 65651
List the prime factors of 299150.
2, 5, 31, 193
What are the prime factors of 89744?
2, 71, 79
List the prime factors of 2566812.
2, 3, 213901
What are the prime factors of 496956?
2, 3, 41413
What are the prime factors of 183174?
2, 3, 30529
List the prime factors of 464654.
2, 379, 613
List the prime factors of 7296391.
191, 38201
List the prime factors of 48126.
2, 3, 13, 617
What are the prime factors of 8579388?
2, 3, 714949
List the prime factors of 282429.
3, 7, 4483
What are the prime factors of 1929445?
5, 7, 55127
List the prime factors of 4323718.
2, 7, 47, 6571
What are the prime factors of 914430?
2, 3, 5, 11, 17, 163
What are the prime factors of 921464?
2, 115183
What are the prime factors of 19005955?
5, 691, 5501
What are the prime factors of 290366?
2, 47, 3089
List the prime factors of 532044.
2, 3, 14779
List the prime factors of 4035835.
5, 41, 19687
List the prime factors of 540174.
2, 3, 197, 457
List the prime factors of 2578104.
2, 3, 61, 587
What are the prime factors of 5403822?
2, 3, 821, 1097
List the prime factors of 1848628.
2, 419, 1103
List the prime factors of 485058.
2, 3, 7, 11549
What are the prime factors of 197954?
2, 29, 3413
What are the prime factors of 28489776?
2, 3, 7, 12113
What are the prime factors of 12750118?
2, 433, 14723
List the prime factors of 2072249.
17, 79, 1543
List the prime factors of 16449226.
2, 643, 12791
List the prime factors of 37400.
2, 5, 11, 17
List the prime factors of 765102.
2, 3, 13, 17, 577
What are the prime factors of 572364?
2, 3, 13, 1223
List the prime factors of 645247.
73, 8839
What are the prime factors of 2759?
31, 89
List the prime factors of 275337.
3, 30593
List the prime factors of 1106073.
3, 59, 2083
What are the prime factors of 341992?
2, 7, 31, 197
List the prime factors of 583669.
583669
What are the prime factors of 151747?
43, 3529
List the prime factors of 8885.
5, 1777
List the prime factors of 1118519.
1118519
List the prime factors of 786124.
2, 149, 1319
List the prime factors of 203353.
203353
List the prime factors of 598796.
2, 11, 31, 439
List the prime factors of 501518.
2, 31, 8089
List the prime factors of 1013334.
2, 3, 7, 23, 1049
List the prime factors of 12216.
2, 3, 509
What are the prime factors of 3367627?
61, 55207
What are the prime factors of 432815?
5, 107, 809
What are the prime factors of 705171?
3, 235057
What are the prime factors of 1425306?
2, 3, 139, 1709
What are the prime factors of 42103828?
2, 13, 31, 26119
List the prime factors of 43717.
43717
List the prime factors of 23167268.
2, 5791817
List the prime factors of 4924322.
2, 13, 17, 857
What are the prime factors of 7226711?
89, 81199
List the prime factors of 35722728.
2, 3, 165383
What are the prime factors of 1971892?
2, 13, 2917
List the prime factors of 363594.
2, 3, 7, 11, 787
What are the prime factors of 7739438?
2, 7, 37, 67, 223
List the prime factors of 24948879.
3, 8316293
List the prime factors of 11319683.
11319683
What are the prime factors of 3666849?
3, 17, 71899
List the prime factors of 16012265.
5, 3202453
List the prime factors of 9280309.
41, 151, 1499
What are the prime factors of 86699?
181, 479
List the prime factors of 6121751.
17, 41, 8783
What are the prime factors of 214014?
2, 3, 53, 673
List the prime factors of 134750.
2, 5, 7, 11
What are the prime factors of 5398289?
13, 415253
What are the prime factors of 2476656?
2, 3, 7, 13
What are the prime factors of 168841?
109, 1549
What are the prime factors of 726739?
13, 55903
List the prime factors of 29637.
3, 37, 89
List the prime factors of 33579.
3, 7, 13, 41
What are the prime factors of 167252?
2, 41813
What are the prime factors of 6763484?
2, 7, 13, 17, 1093
What are the prime factors of 15917328?
2, 3, 7, 15791
What are the prime factors of 244289?
191, 1279
What are the prime factors of 517156?
2, 129289
What are the prime factors of 64758?
2, 3, 43, 251
List the prime factors of 718501.
7, 102643
What are the prime factors of 34783192?
2, 4347899
What are the prime factors of 700997?
11, 63727
What are the prime factors of 360509?
360509
What are the prime factors of 17098449?
3, 193, 29531
What are the prime factors of 3530519?
3530519
What are the prime factors of 10334237?
29, 461, 773
What are the prime factors of 1203105?
3, 5, 80207
List the prime factors of 21314558.
2, 10657279
What are the prime factors of 17323095?
3, 5, 397, 2909
List the prime factors of 3793657.
7, 541951
What are the prime factors of 2773089?
3, 11, 9337
What are the prime factors of 219964?
2, 127, 433
List the prime factors of 3424191.
3, 17, 67141
List the prime factors of 3992046.
2, 3, 71, 9371
List the prime factors of 6186244.
2, 41, 67, 563
What are the prime factors of 973111?
137, 7103
What are the prime factors of 426390?
2, 3, 5, 61, 233
List the prime factors of 4811334.
2, 3, 11, 269, 271
What are the prime factors of 18331?
23, 797
What are the prime factors of 194667?
3, 11, 17, 347
List the prime factors of 392699.
392699
List the prime factors of 15194836.
2, 31, 283, 433
List the prime factors of 854115.
3, 5, 56941
List the prime factors of 8641527.
3, 2880509
List the prime factors of 145459.
145459
List the prime factors of 478404.
2, 3, 97, 137
List the prime factors of 3471593.
41, 84673
What are the prime factors of 240391?
421, 571
What are the prime factors of 1696072?
2, 7, 31, 977
What are the prime factors of 3788440?
2, 5, 53, 1787
What are the prime factors of 254861?
43, 5927
What are the prime factors of 274239?
3, 7, 1451
What are the prime factors of 1090163?
19, 181, 317
What are the prime factors of 3489016?
2, 436127
What are the prime factors of 849138?
2, 3, 97, 1459
List the prime factors of 16268063.
7, 47, 197, 251
What are the prime factors of 2091718?
2, 1045859
What are the prime factors of 691272?
2, 3, 9601
List the prime factors of 6183836.
2, 1545959
List the prime factors of 10643301.
3, 53, 421
What are the prime factors of 915480?
2, 3, 5, 2543
List the prime factors of 1875242.
2, 499, 1879
List the prime factors of 86293.
86293
List the prime factors of 1584160.
2, 5, 9901
List the prime factors of 17091202.
2, 103, 163, 509
List the prime factors of 281862.
2, 3, 7, 2237
List the prime factors of 288343.
11, 2383
What are the prime factors of 220246?
2, 13, 43, 197
List the prime factors of 149635.
5, 29927
List the prime factors of 239269.
23, 101, 103
What are the prime factors of 79560?
2, 3, 5, 13, 17
What are the prime factors of 596229?
3, 23, 8641
List the prime factors of 10124689.
10124689
List the prime factors of 173690.
2, 5, 11, 1579
What are the prime factors of 6137666?
2, 71, 43223
List the prime factors of 838927.
838927
What are the prime factors of 147750?
2, 3, 5, 197
What are the prime factors of 14933921?
47, 317743
What are the prime factors of 809949?
3, 7, 38569
What are the prime factors of 645190?
2, 5, 7, 13, 709
What are the prime factors of 128485?
5, 7, 3671
List the prime factors of 474186.
2, 3, 79031
List the prime factors of 1260969.
3, 420323
Wha